{"id":21,"date":"2025-03-21T22:23:04","date_gmt":"2025-03-21T21:23:04","guid":{"rendered":"https:\/\/dresch.eu\/?page_id=21"},"modified":"2025-10-25T15:13:07","modified_gmt":"2025-10-25T13:13:07","slug":"qui-suis-je%e2%9d%93","status":"publish","type":"page","link":"https:\/\/dresch.fr\/?page_id=21","title":{"rendered":"Qui suis-je\u2753"},"content":{"rendered":"<div class=\"wp-block-image\">\n<figure class=\"alignleft size-full is-resized\"><img loading=\"lazy\" decoding=\"async\" width=\"98\" height=\"131\" src=\"https:\/\/dresch.fr\/wp-content\/uploads\/2025\/03\/a05f5caa228f00bacd6ca824cd4cf56bede40e1d.jpg\" alt=\"\" class=\"wp-image-29\" style=\"width:71px;height:auto\"\/><\/figure>\n<\/div>\n\n\n<p>                         Bienvenue sur&nbsp;<strong>TOM\u2019S BLOG<\/strong>&nbsp;! Je suis ravi de vous avoir ici.<\/p>\n\n\n\n<p>Je m\u2019appelle Thomas et je suis le cr\u00e9ateur de&nbsp;<strong>TOM\u2019S BLOG<\/strong>.<\/p>\n\n\n\n<p>Originaire de Munich, en Bavi\u00e8re (Allemagne), j\u2019ai toujours \u00e9t\u00e9 passionn\u00e9 par les motos et la philosophie. <\/p>\n\n\n\n<p>Ces deux univers, bien que diff\u00e9rents, se compl\u00e8tent \u00e9trangement bien dans ma vie.J\u2019ai d\u00e9cid\u00e9 de partager mes aventures sur deux roues et mes r\u00e9flexions philosophiques avec une communaut\u00e9 grandissante de lecteurs curieux et enthousiastes.<\/p>\n\n\n\n<h3 class=\"wp-block-heading\"><strong>Ma Mission<\/strong><\/h3>\n\n\n\n<p>Ma mission est double : inspirer les amateurs de moto \u00e0 explorer de nouvelles routes et horizons, tout en offrant un espace de r\u00e9flexion philosophique. Je crois fermement que la libert\u00e9 de la route et la profondeur de la pens\u00e9e philosophique peuvent enrichir notre vie de mani\u00e8re significative. \u00c0 travers mes articles, je souhaite partager cette passion et ces r\u00e9flexions avec vous.<\/p>\n\n\n\n<h3 class=\"wp-block-heading\"><strong>Ce que vous trouverez ici<\/strong><\/h3>\n\n\n\n<p>Sur<strong>&nbsp;TOM\u2019S BLOG<\/strong>, vous d\u00e9couvrirez une vari\u00e9t\u00e9 de contenus, y compris :<\/p>\n\n\n\n<ul class=\"wp-block-list\">\n<li><strong>R\u00e9cits de voyages \/ sorties \u00e0 moto<\/strong>&nbsp;: Mes aventures sur les routes d\u2019Europe et au-del\u00e0, avec des conseils pratiques pour les motards.<\/li>\n\n\n\n<li><strong>R\u00e9flexions philosophiques<\/strong>&nbsp;: Des articles qui explorent des concepts philosophiques et leur application dans la vie quotidienne.<\/li>\n<\/ul>\n\n\n\n<h3 class=\"wp-block-heading\"><strong>Pourquoi me suivre ?<\/strong><\/h3>\n\n\n\n<p>En me suivant, vous rejoindrez une communaut\u00e9 de personnes partageant les m\u00eames passions pour la moto et la philosophie. Vous aurez acc\u00e8s \u00e0 des contenus exclusifs, des mises \u00e0 jour r\u00e9guli\u00e8res et des opportunit\u00e9s d\u2019interagir directement avec moi.<\/p>\n\n\n\n<h3 class=\"wp-block-heading\"><strong>Contactez-moi<\/strong><\/h3>\n\n\n\n<p>J\u2019adore entendre de mes lecteurs ! Si vous avez des questions, des suggestions ou simplement envie de discuter, n\u2019h\u00e9sitez pas \u00e0 me contacter via le formulaire de contact.<\/p>\n\n\n\n<p>Merci de faire partie de cette aventure avec moi. J\u2019ai h\u00e2te de partager plus de contenu passionnant avec vous !<\/p>\n\n\n\n<p><strong><em>Thomas Dresch<\/em><\/strong><\/p>\n","protected":false},"excerpt":{"rendered":"<p>Bienvenue sur&nbsp;TOM\u2019S BLOG&nbsp;! Je suis ravi de vous avoir ici. Je m\u2019appelle Thomas et je suis le cr\u00e9ateur de&nbsp;TOM\u2019S BLOG. Originaire de Munich, en Bavi\u00e8re (Allemagne), j\u2019ai toujours \u00e9t\u00e9 passionn\u00e9 par les motos et la philosophie. Ces deux univers, bien que diff\u00e9rents, se compl\u00e8tent \u00e9trangement bien dans ma vie.J\u2019ai d\u00e9cid\u00e9 de partager mes aventures sur deux roues et mes r\u00e9flexions philosophiques avec une communaut\u00e9 grandissante de lecteurs curieux et enthousiastes. Ma Mission Ma mission est double : inspirer les amateurs&#8230;<\/p>\n<p class=\"read-more\"><a class=\"btn btn-default\" href=\"https:\/\/dresch.fr\/?page_id=21\">Lire la suite<span class=\"screen-reader-text\"> Lire la suite<\/span><\/a><\/p>\n","protected":false},"author":1,"featured_media":0,"parent":0,"menu_order":0,"comment_status":"closed","ping_status":"closed","template":"","meta":{"iawp_total_views":44,"footnotes":""},"class_list":["post-21","page","type-page","status-publish","hentry"],"featured_image_src":null,"_links":{"self":[{"href":"https:\/\/dresch.fr\/index.php?rest_route=\/wp\/v2\/pages\/21","targetHints":{"allow":["GET"]}}],"collection":[{"href":"https:\/\/dresch.fr\/index.php?rest_route=\/wp\/v2\/pages"}],"about":[{"href":"https:\/\/dresch.fr\/index.php?rest_route=\/wp\/v2\/types\/page"}],"author":[{"embeddable":true,"href":"https:\/\/dresch.fr\/index.php?rest_route=\/wp\/v2\/users\/1"}],"replies":[{"embeddable":true,"href":"https:\/\/dresch.fr\/index.php?rest_route=%2Fwp%2Fv2%2Fcomments&post=21"}],"version-history":[{"count":10,"href":"https:\/\/dresch.fr\/index.php?rest_route=\/wp\/v2\/pages\/21\/revisions"}],"predecessor-version":[{"id":16130,"href":"https:\/\/dresch.fr\/index.php?rest_route=\/wp\/v2\/pages\/21\/revisions\/16130"}],"wp:attachment":[{"href":"https:\/\/dresch.fr\/index.php?rest_route=%2Fwp%2Fv2%2Fmedia&parent=21"}],"curies":[{"name":"wp","href":"https:\/\/api.w.org\/{rel}","templated":true}]}}